 + 105*v**2 - 2*v - 2. Suppose 3*r = r + 2. Is l(r) a composite number?
False
Let j = -243 - -228. Is (-1803)/(-4) - j/60 composite?
True
Suppose -25*i + 22*i + 2*b = -145651, -12*i + b = -582590. Is i composite?
True
Let l(j) = 84*j**2 + 64*j + 5. Is l(-24) prime?
True
Suppose 4*p + p + 2*x - 87168 = 0, 87176 = 5*p + 4*x. Let h = p - 7467. Is h prime?
False
Let c(j) = 1392*j**3 - j**2 - 2*j + 4. Let k be c(1). Suppose 5*q - 4845 - k = -m, -12452 = -2*m - 4*q. Is m composite?
True
Let z(m) = 10388*m**2 + 12*m + 22. Let u be z(-4). Suppose -49*s + 16049 = -u. Is s composite?
False
Is ((-865)/30*4)/(8/(-804)) prime?
False
Suppose -460*t = -455*t + 2*h - 482731, -4*h = 2*t - 193102. Is t a prime number?
False
Suppose -10457*m = -10448*m - 1396971. Is m composite?
False
Let d be (-2 - -3)*4 - 1. Suppose -d*b = -11 + 5. Suppose 0 = b*q - 5*h - 3657, h = 3*q - 453 - 5065. Is q a prime number?
False
Is (2/(-4))/((-2158618)/(-1079302) + -2)*-2 prime?
True
Let o be -16 + 15 + (-2718)/(-2). Let c be o/((-1)/(0 + -1)). Suppose -5*l - 679 = -p, 2*l = 6*p - 4*p - c. Is p a composite number?
True
Let h be 0*(0 + 6/12). Suppose -y + 5*l = -3*y + 26555, 4*y + l - 53137 = h. Is y a composite number?
True
Suppose 5*x + 111071 = -3*u, -x - 32650 = u + 4377. Is u/24*(-1 + 0)*1 a composite number?
False
Is ((-45893858)/(-354))/((-2)/6*-1) composite?
False
Let z = 199960 + -20993. Is z prime?
False
Let a(i) = -i**3 + 5*i**2 - 3*i - 2. Let x be a(4). Suppose 0 = -5*o - p + x*p + 6283, 4*o + 4*p - 5036 = 0. Is o a prime number?
False
Let k(t) = -8*t**2 + 4*t + 3. Let h(m) = m**2. Let g(j) = -6*h(j) - k(j). Let y be g(6). Suppose -2*w + 20 = 2*v, -5*v + v + y = 3*w. Is v prime?
False
Suppose 5026 + 13479 - 75307 = -6*s. Is s composite?
False
Let c(a) = -a**3 - 7*a**2 + a + 12. Let v be c(-7). Suppose 449 = v*r - 341. Is r composite?
True
Let o(z) = -12*z + 31. Let f be (2/4)/(-3*4/1008). Let p = f - -33. Is o(p) composite?
False
Let x(n) = 363*n - 43. Let s be 18/27 + 30/9. Is x(s) composite?
False
Suppose -3*u - 47*y + 175413 = -50*y, 2*u - 116930 = 4*y. Is u composite?
False
Let u(v) = v**2 + 2*v + 1399. Let q(x) = -x**3 - 2*x**2 + x + 2. Let l be q(-2). Is u(l) a composite number?
False
Suppose -12*c - 42039 = 130605. Let d = -5186 - c. Is d composite?
True
Let j(i) = -i**2 + 20*i - 16. Let w be j(11). Suppose w = 6*y + 35. Suppose 0 = 3*p + 4*c - 17, 4*c = -4*p + 20 + y. Is p composite?
False
Let z = 27 + -3. Suppose -15*c + 19*c = -z. Is -3 - ((-4)/(-6) + 5284/c) a composite number?
False
Let t be -4192 - (-1)/(3/(-3)). Suppose 3822*h = 3829*h + 20860. Let z = h - t. Is z a prime number?
True
Let h = -461 + 8356. Is h a prime number?
False
Let b be 22106/(-3)*(-774)/(-301). Let j = b - -26969. Is j a prime number?
False
Suppose -6*m + 11*m + 90 = -5*i, 40 = -5*i + 5*m. Is (-128438)/(-2) + (-9 - i - 6) prime?
True
Let i(r) = 78056*r + 5. Let k be i(4). Suppose 0 = -42*w + 2355403 - k. Is w a composite number?
False
Suppose -2 = -25*q + 98. Let l be (-6988)/(-18) + (-2)/9. Suppose -q*p = -2*p - l. Is p a composite number?
True
Suppose 513*v + 48 = 509*v. Is (1 - v/(-9))*16908/(-4) prime?
True
Let v(c) = 173*c + 20. Let p(z) = 697*z + 85. Let i(y) = -2*p(y) + 9*v(y). Let t = 44 - 29. Is i(t) a composite number?
True
Is (-2)/(-6) + 16/(-24)*-48853 a prime number?
True
Suppose 4*n + 3*o - 3 = 0, -9*n + 4*o - 4 = -10*n. Suppose 345*l - 357*l + 11364 = n. Is l a composite number?
False
Let c = 13674 - -81561. Suppose 42*x + c = 63*x. Is x composite?
True
Let h be -10*(-5)/((-375)/(-10))*3. Suppose -5*t = -2*f - 2581, -3*t = -h*f - 1120 - 423. Is t composite?
True
Let o(c) = 5357*c**3 + 10*c**2 - 5*c + 5. Is o(3) a prime number?
True
Let w = 14351 - 4390. Is w prime?
False
Suppose -a + 12 = 3*v + a, -4*v + 4*a = -16. Let q be v*(1/2)/(2/3). Suppose 0 = 3*x - k - 245, 5*k - 23 = -q. Is x composite?
False
Is (-349984)/(-96) - 16/(-12) prime?
False
Let o(t) = 2*t**2 - 76*t + 7. Let n(a) = a**2 + a - 2. Let u(x) = 3*n(x) - o(x). Is u(29) prime?
True
Is -1*5 - ((-2418885)/9 - -43) a prime number?
False
Let h(p) = -3*p - 6. Suppose 21*o + 6 = 18*o. Let a be h(o). Suppose -4*u - 1388 = -2*r - 540, a = -5*r - 5*u + 2105. Is r a composite number?
True
Suppose 3*k - 13181 = 5*t, -51*k + t - 8796 = -53*k. Is k composite?
False
Let w(a) = 19*a**2 + 2*a + 1. Let y be w(-1). Suppose 2*g + g = y. Suppose 331 - 13 = g*c. Is c composite?
False
Suppose 4*c - 5*r - 40 = 0, 7*r - 3*r + 14 = 2*c. Let t be (29 + -11)/(2/c). Let x = 197 - t. Is x prime?
False
Let y(m) = 12*m - 63. Let q be y(-33). Suppose p + 4*l = -2*p + 5346, -5349 = -3*p - 5*l. Let r = p - q. Is r a composite number?
False
Let g(s) = -75*s**3 - 2*s + 1. Let x be g(1). Let b = 80 + x. Is ((-3992)/(b/1))/(-2) a composite number?
False
Let b(k) = -k**3 - 4*k**2 - 5. Let n be b(-4). Let h be -1 + 6/((-6)/n). Suppose -1981 = -h*f - 5*l, -3*l - 2504 = -2*f - 3*f. Is f prime?
True
Suppose 5 = 2*b - x, 0 = x + 4*x - 15. Suppose -4*m - 3*k + 12 = 0, 4*m + 35*k = 30*k + 12. Suppose -n - 632 = -2*y, m*y - 571 - 387 = b*n. Is y prime?
False
Let u = -33 - -4. Let d = 29 + u. Suppose 2*o = -d*o + 514. Is o a composite number?
False
Let u = -1588 - -10881. Is u a prime number?
True
Let h be (-760)/(-25)*975/(-10). Let n = -1678 - h. Is n prime?
False
Suppose -6 = -y + 3*s - 13, 4*y - 2*s - 12 = 0. Suppose 5*h + y*a = 20600, 13*h - 12*h - 4114 = a. Is h a prime number?
False
Let p be -2*((-66)/(-18))/(2/3). Let h(y) = -18*y + 41. Let g be h(p). Suppose 3 = -i - 2, -2*u = 3*i - g. Is u a prime number?
True
Let u = -1070 + 2171. Let c = 1620 - u. Is c a prime number?
False
Suppose 0 = -9*m - 6 - 30. Is -4*(-1)/m*-2251 composite?
False
Let h be (-70)/(-8) - ((-15)/20)/3. Let s(a) = -5*a + 5*a + 27*a**2 - 5*a - h. Is s(-6) prime?
False
Is (-8)/(-6)*90/120*145289 prime?
True
Let z(j) = -j + 8. Let u be z(-1). Suppose 2*v = 5*r + 2868, -v + 13*r + 1431 = u*r. Is v composite?
False
Suppose 410*m - 5339520 - 6859210 = 0. Is m a composite number?
False
Let p(v) = -27 + 43*v + 11*v**2 - v**3 + 5*v**2 - 9*v - 15*v. Is p(14) composite?
False
Let i be -14 - -18 - (-3179)/(-1). Let s = 274 - i. Is s prime?
True
Suppose 0 = -v - 3*d + 60, -v + 3*d = -0*v - 30. Suppose v*l - 69279 = 24*l. Is l a prime number?
True
Is ((-32)/20 - -3) + 21708666/35 a composite number?
True
Let k(i) = 5*i**2 - 74*i - 44. Let h be k(29). Let r = 5142 - h. Is r prime?
False
Suppose -119*o = -58*o - 955321. Is o composite?
False
Suppose -5*v = 10, 0*z - z + v = 2640. Let b = -1833 - z. Is b composite?
False
Let d = 2938 + -4715. Let y be 101*5*(97 + -99). Let j = y - d. Is j a composite number?
True
Let c be 1*(-11)/(-5) + 12/15. Suppose 8*z + 15 = c*z. Is (-1 + z)*6906/(-24) a composite number?
False
Is ((-6132615)/20)/(24/240*(-15)/2) a prime number?
True
Suppose -d + 263 = -3*j - 64, -2*d + 324 = -3*j. Let q = 194 + j. Let n = 181 - q. Is n a composite number?
False
Let p(q) = 4*q**2 + q**3 + 29*q - 30*q + 6 - 2*q**3. Let a be p(4). Suppose -2*s + 243 = -4*t + 65, -214 = -a*s - 5*t. Is s prime?
True
Let a(p) = -40*p. Let u be a(1). Is (-86630)/u - 6/8 composite?
True
Suppose -1 = -5*r - 126. Let b = r - -28. Suppose 0 = -5*y - 3*a + 595 - 162, b*y + 5*a - 247 = 0. Is y a composite number?
False
Let y(f) = -f**2 - 12*f + 3. Let h(s) = -s**2 - 5*s - 9. Let j be h(-4). Let x be y(j). Suppose -x*l - 5306 = -40*l. Is l composite?
True
Let f(l) = -58*l**2 + 54*l - 14. Let o be f(12). Let t = -5307 - o. Is t composite?
False
Let u(x) = 419*x**3 - 10*x**2 - 9*x - 53. Let d be u(-5). Let z = -30252 - d. Is z prime?
True
Let o(n) = 13777*n - 114. Let w be o(6). Suppose -w = -4*h + 4*y, 0 = 2*h - 0*h + 4*y - 41286. Is h prime?
True
Suppose 34*b - 9758679 - 5080672 + 3889889 = 0. Is b a prime number?
False
Let q = 568151 + -390060. Is q prime?
True
Let l(b) = 6*b - 3. Let i be l(2). Let g be -2 + 1014/130 + 1/5. Suppose -g*j + 15690 = i*j. Is j a prime number?
False
Let g be (4 - 0) + -5 - (-1318 + 2). Suppose w = 2*m - 2475, -5*m = -w - g - 4877. Suppose 1807 = 2*y - m. Is y a composite number?
False
Suppose -5*f - 4*a = -5*a - 108, a + 45 = 2*f. Is 6 + (-217)/f*-39 a composite number?
False
Let u(i) = 4*i - 1. Let g be u(-6). Let h = g - -28. Is (-12767)/(-51) - (-2)/h a prime nu